the highest common factor of 1708 and 28?
28
What is the greatest common divisor of 7 and 413?
7
What is the highest common divisor of 72 and 3816?
72
Calculate the highest common divisor of 252 and 80.
4
What is the greatest common divisor of 8580 and 143?
143
What is the highest common divisor of 5880 and 8?
8
Calculate the greatest common factor of 121 and 429.
11
What is the highest common factor of 99 and 72?
9
What is the highest common divisor of 4183 and 47?
47
Calculate the greatest common factor of 55 and 25.
5
What is the greatest common divisor of 26 and 14?
2
Calculate the greatest common factor of 17 and 1020.
17
Calculate the greatest common factor of 624 and 39.
39
What is the greatest common divisor of 684 and 18?
18
What is the highest common divisor of 20450 and 50?
50
Calculate the highest common factor of 365 and 15.
5
What is the greatest common factor of 19 and 1501?
19
Calculate the greatest common factor of 55395 and 90.
45
What is the highest common divisor of 494 and 39?
13
Calculate the greatest common factor of 456 and 1482.
114
Calculate the highest common divisor of 1576 and 8.
8
What is the highest common factor of 1215 and 30?
15
Calculate the highest common factor of 24 and 1752.
24
What is the highest common divisor of 38 and 133?
19
What is the highest common divisor of 825 and 11?
11
What is the greatest common divisor of 115 and 35?
5
What is the highest common divisor of 47 and 235?
47
Calculate the highest common factor of 2679 and 741.
57
What is the highest common factor of 2450 and 140?
70
What is the highest common factor of 2227 and 34?
17
What is the highest common factor of 22 and 2123?
11
What is the highest common divisor of 1008 and 36?
36
Calculate the greatest common factor of 68 and 323.
17
What is the greatest common divisor of 192 and 5592?
24
What is the greatest common factor of 583 and 22?
11
Calculate the highest common factor of 44 and 28138.
22
Calculate the greatest common factor of 4184 and 8.
8
What is the greatest common factor of 19 and 2071?
19
What is the greatest common factor of 300 and 380?
20
Calculate the greatest common divisor of 901 and 357.
17
What is the greatest common divisor of 14 and 77?
7
Calculate the greatest common divisor of 2783 and 1089.
121
Calculate the greatest common factor of 227 and 9307.
227
What is the greatest common factor of 56 and 76?
4
Calculate the greatest common divisor of 216 and 756.
108
What is the highest common divisor of 704 and 88?
88
What is the highest common factor of 275 and 3925?
25
Calculate the highest common divisor of 24 and 66.
6
What is the greatest common divisor of 10 and 1585?
5
Calculate the greatest common divisor of 10 and 196.
2
What is the greatest common divisor of 618 and 42?
6
What is the greatest common divisor of 13 and 1157?
13
Calculate the highest common factor of 4590 and 85.
85
What is the greatest common divisor of 8 and 6?
2
What is the greatest common factor of 11688 and 24?
24
What is the greatest common divisor of 6749 and 17?
17
What is the greatest common factor of 33 and 231?
33
Calculate the greatest common divisor of 9030 and 135.
15
Calculate the greatest common factor of 297 and 66.
33
What is the highest common divisor of 1536 and 12?
12
Calculate the highest common divisor of 615 and 45.
15
Calculate the highest common divisor of 760 and 8.
8
What is the greatest common divisor of 1134 and 28?
14
Calculate the highest common divisor of 814 and 1258.
74
Calculate the highest common factor of 2680 and 40.
40
Calculate the greatest common factor of 36 and 1854.
18
Calculate the highest common divisor of 3429 and 27.
27
Calculate the highest common divisor of 80 and 1040.
80
Calculate the highest common divisor of 3859 and 68.
17
What is the greatest common factor of 2067 and 39?
39
What is the highest common factor of 13330 and 430?
430
What is the greatest common factor of 12621 and 21?
21
What is the highest common divisor of 63 and 9429?
21
Calculate the greatest common divisor of 98 and 294.
98
Calculate the highest common divisor of 315 and 135.
45
What is the highest common factor of 21210 and 210?
210
What is the greatest common divisor of 14859 and 117?
117
Calculate the highest common divisor of 25 and 50.
25
What is the greatest common factor of 19 and 1121?
19
Calculate the highest common divisor of 12986 and 172.
86
What is the highest common divisor of 518 and 28?
14
What is the highest common divisor of 4790 and 30?
10
What is the greatest common divisor of 550 and 770?
110
What is the highest common divisor of 590 and 472?
118
Calculate the highest common factor of 198 and 5445.
99
What is the highest common divisor of 1485 and 54?
27
Calculate the highest common divisor of 244 and 61.
61
Calculate the greatest common divisor of 25 and 20.
5
Calculate the highest common divisor of 16 and 112.
16
What is the highest common divisor of 5 and 80?
5
What is the greatest common divisor of 60 and 620?
20
Calculate the greatest common divisor of 5772 and 39.
39
What is the highest common divisor of 20 and 3330?
10
Calculate the highest common factor of 244 and 6649.
61
What is the highest common divisor of 179 and 1611?
179
Calculate the greatest common factor of 1675 and 9715.
335
What is the greatest common factor of 177 and 2?
1
Calculate the greatest common factor of 1359 and 18.
9
What is the greatest common divisor of 522 and 918?
18
What is the greatest common factor of 61 and 3?
1
Calculate the greatest common divisor of 2275 and 280.
35
What is the highest common divisor of 48 and 3568?
16
Calculate the highest common divisor of 5 and 300.
5
What is the highest common factor of 3663 and 66?
33
What is the greatest common divisor of 152 and 133?
19
What is the highest common divisor of 320 and 50?
10
Calculate the greatest common factor of 2107 and 588.
49
Calculate the greatest common divisor of 1661 and 453.
151
What is the greatest common divisor of 436 and 268?
4
What is the highest common divisor of 36 and 81?
9
What is the highest common factor of 1024 and 2?
2
Calculate the highest common divisor of 90 and 11034.
18
What is the greatest common divisor of 8 and 128?
8
Calculate the highest common factor of 22 and 734.
2
What is the greatest common factor of 1769 and 122?
61
What is the greatest common divisor of 168 and 3402?
42
Calculate the highest common divisor of 416 and 3692.
52
Calculate the highest common divisor of 47 and 1175.
47
Calculate the greatest common divisor of 30 and 390.
30
What is the greatest common factor of 30 and 6?
6
Calculate the greatest common divisor of 3840 and 24.
24
Calculate the greatest common factor of 24512 and 64.
64
What is the highest common divisor of 3 and 17?
1
Calculate the highest common divisor of 5240 and 280.
40
What is the greatest common divisor of 215 and 85?
5
What is the greatest common factor of 66 and 759?
33
Calculate the greatest common factor of 3016 and 145.
29
What is the greatest common factor of 164 and 6?
2
What is the greatest common divisor of 77 and 858?
11
Calculate the greatest common factor of 845 and 65.
65
Calculate the highest common divisor of 1100 and 44.
44
What is the highest common factor of 40 and 1690?
10
Calculate the greatest common factor of 247 and 39.
13
What is the greatest common divisor of 28 and 434?
14
What is the highest common divisor of 1333 and 31?
31
What is the highest common divisor of 8 and 2864?
8
What is the greatest common factor of 270 and 1179?
9
What is the greatest common factor of 38 and 7771?
19
What is the greatest common divisor of 192 and 3008?
64
Calculate the greatest common divisor of 168 and 21.
21
Calculate the greatest common divisor of 52 and 3692.
52
Calculate the highest common factor of 4606 and 392.
98
What is the greatest common factor of 500 and 20?
20
What is the highest common divisor of 1209 and 39?
39
What is the greatest common factor of 306 and 558?
18
Calculate the highest common factor of 23868 and 312.
156
What is the highest common divisor of 20 and 185?
5
Calculate the highest common factor of 1250 and 50.
50
What is the highest common factor of 39 and 14313?
39
Calculate the greatest common factor of 250 and 950.
50
What is the highest 